{"id":5842,"date":"2026-05-08T17:58:58","date_gmt":"2026-05-08T17:58:58","guid":{"rendered":"https:\/\/second-vinyl.de\/?page_id=5842"},"modified":"2026-05-08T18:04:32","modified_gmt":"2026-05-08T18:04:32","slug":"mint","status":"publish","type":"page","link":"https:\/\/second-vinyl.de\/?page_id=5842","title":{"rendered":"Mint"},"content":{"rendered":"<p>&nbsp;<\/p>\n<p><strong>Titelstory: 100 Jahre Miles Davis<\/strong><\/p>\n<p>Eine W\u00fcrdigung des Jahrhundertmusikers: Sein Leben, sein Erbe und seine Alben von den Anf\u00e4ngen bis zum Sp\u00e4twerk.<\/p>\n<p><strong>Mahavishnu Orchestra<\/strong><\/p>\n<p>Die 52. Folge unserer Master-Class-Reihe besch\u00e4ftigt sich mit dem Fusion-Meisterwerk <em>The Inner Mounting Flame<\/em>.<\/p>\n<p><strong>Vinyl-Report Bangkok<\/strong><\/p>\n<p>Fernab touristischer Pfade und Sehensw\u00fcrdigkeiten erkunden wir die Plattenl\u00e4den der Hauptstadt Thailands.<\/p>\n<p><strong>George Harrison<\/strong><\/p>\n<p>Geschichten und Geheimnisse rund um das r\u00e4tselhafte Cover von <em>Dark Horse <\/em>\u2013 designt von Tom Wilkes.<\/p>\n<p><strong>Roadmap Rush<\/strong><\/p>\n<p>Die neueste Episode unserer Reihe unseres Buyer\u2019s Guides widmet sich der wiedervereinten kanadischen Progressive-Rock-Band.<\/p>\n<p><strong>Columbia Records<\/strong><\/p>\n<p>Von Oper und Klassik \u00fcber Blues und Jazz hin zu Rock und Pop: Die Story des \u00e4ltesten Plattenlabels der Welt.<\/p>\n<p><strong>Soundtrack Of My Life <\/strong><\/p>\n<p>Status-Qou-Frontmann Francis Rossi \u00fcber\u00a0<em>Revolver <\/em>von\u00a0den Beatles.<\/p>\n<p><strong>Klang-Kultur<\/strong><\/p>\n<p>Im neuen HiFi-Teil: Praxistests mit Plattenspieler von Transrotor, Kompaktlautsprecher von Dynaudio und Streaming-Verst\u00e4rker von Eversolo sowie Technik-News, audiophile Pressungen und die Anlagen der MINT-Leser.<\/p>\n<p><strong>Weitere Themen der Ausgabe<\/strong><br \/>\n\u00dcber 90 LP-Besprechungen (Neuver\u00f6ffentlichungen, Reissues und Specials) auf 36 Seiten, die Rubrik \u201e33 1\/3 Cover\u201c, News-Features, Dr. MINT, Vinyl-Vorschau, das Sleeveface des Monats und vieles mehr.<\/p>\n<p><a href=\"https:\/\/second-vinyl.de\/\">ZUR\u00dcCK ZUR HAUPTSEITE<\/a><\/p>\n","protected":false},"excerpt":{"rendered":"<p>&nbsp; Titelstory: 100 Jahre Miles Davis Eine W\u00fcrdigung des Jahrhundertmusikers: Sein Leben, sein Erbe und seine Alben von den Anf\u00e4ngen bis zum Sp\u00e4twerk. Mahavishnu Orchestra Die 52. Folge unserer Master-Class-Reihe besch\u00e4ftigt sich mit dem Fusion-Meisterwerk The Inner Mounting Flame. Vinyl-Report Bangkok Fernab touristischer Pfade und Sehensw\u00fcrdigkeiten erkunden wir die Plattenl\u00e4den der Hauptstadt Thailands. George Harrison &hellip; <\/p>\n<p class=\"link-more\"><a href=\"https:\/\/second-vinyl.de\/?page_id=5842\" class=\"more-link\"><span class=\"screen-reader-text\">\u201eMint\u201c <\/span>weiterlesen<\/a><\/p>\n","protected":false},"author":1,"featured_media":0,"parent":0,"menu_order":0,"comment_status":"closed","ping_status":"closed","template":"","meta":{"_crdt_document":"","footnotes":""},"class_list":["post-5842","page","type-page","status-publish","hentry"],"jetpack_sharing_enabled":true,"_links":{"self":[{"href":"https:\/\/second-vinyl.de\/index.php?rest_route=\/wp\/v2\/pages\/5842","targetHints":{"allow":["GET"]}}],"collection":[{"href":"https:\/\/second-vinyl.de\/index.php?rest_route=\/wp\/v2\/pages"}],"about":[{"href":"https:\/\/second-vinyl.de\/index.php?rest_route=\/wp\/v2\/types\/page"}],"author":[{"embeddable":true,"href":"https:\/\/second-vinyl.de\/index.php?rest_route=\/wp\/v2\/users\/1"}],"replies":[{"embeddable":true,"href":"https:\/\/second-vinyl.de\/index.php?rest_route=%2Fwp%2Fv2%2Fcomments&post=5842"}],"version-history":[{"count":3,"href":"https:\/\/second-vinyl.de\/index.php?rest_route=\/wp\/v2\/pages\/5842\/revisions"}],"predecessor-version":[{"id":5848,"href":"https:\/\/second-vinyl.de\/index.php?rest_route=\/wp\/v2\/pages\/5842\/revisions\/5848"}],"wp:attachment":[{"href":"https:\/\/second-vinyl.de\/index.php?rest_route=%2Fwp%2Fv2%2Fmedia&parent=5842"}],"curies":[{"name":"wp","href":"https:\/\/api.w.org\/{rel}","templated":true}]}}